igit of c?
5
Let q = 11 - 7. Suppose -5*x = q*z - 2 - 0, 5*x + 13 = z. Suppose z*d + 72 = 5*d. What is the units digit of d?
6
Let u = -16 + 18. Let t be (2 - u - -44) + 0. What is the tens digit of ((-1)/(-2))/(2/t)?
1
Suppose 3*v + 4 = 4*v. Suppose 5*w + 70 = t, -5*t + v*w - 5*w + 324 = 0. Suppose 4*l + l = t. What is the tens digit of l?
1
Let y = -25 - -21. Let f = y - -10. What is the units digit of f?
6
Suppose 11*p + 1968 = 15*p. What is the tens digit of p?
9
Suppose -u = -26 + 28, -3*u = -4*v + 3978. What is the tens digit of v?
9
Let g(q) = 15*q**2 - 15*q - 26. Let v(z) = 8*z**2 - 8*z - 13. Let c(d) = 6*g(d) - 11*v(d). What is the tens digit of c(5)?
2
Let t = -18 + 22. Suppose -t*z - 143 = -23. What is the units digit of 7713/135 + 4/z?
7
Suppose -2*k + b = -7467, 4*k = 8*k + 4*b - 14952. What is the tens digit of k?
3
Suppose -a + 3*g - 70 = -182, 215 = 2*a + 3*g. What is the units digit of a?
9
Suppose -2*d + 2*c = -3*c - 7, 2*d - 10 = 2*c. Suppose -d*m = -m - 25. Suppose 5*k + 36 = 3*t - 0*k, -t - m*k = 8. What is the units digit of t?
7
Suppose 0 = 5*y + 2*c - 2475, 4*c + 665 = 3*y - 846. Suppose -13*n = -1511 + y. What is the units digit of n?
8
Suppose v - 3*v = 4, -5*x = -4*v - 23. Suppose -3*k - y + 318 = 0, -2*y - 3 - x = 0. What is the units digit of k?
7
Suppose -2*u - 6*g + 4*g + 224 = 0, 4*u + 5*g = 444. What is the units digit of u?
6
Let x = -1014 - -1850. What is the hundreds digit of x?
8
What is the units digit of -10 + 4 + 209 + (-5 - 0)?
8
Let a be 2/(-5) + (-952)/70. Suppose -4*f + 2*w + 2 = -6, 5*w = -2*f - 8. What is the units digit of (f - 7)*a/4?
1
Let r(s) = -7*s**3 - 7*s**2 - 19*s + 13. What is the thousands digit of r(-6)?
1
What is the units digit of (924 - 0) + 10*2/(-4)?
9
Suppose 12*h = 11*h + 14. Let p = h + 25. What is the tens digit of p?
3
Let f = 323 - 854. Let i = -337 - f. What is the units digit of i?
4
Suppose -43*a + 2340 = -38*a. What is the hundreds digit of a?
4
Let j = -31 + 38. What is the units digit of j/(((-20)/150)/((-8)/10))?
2
Let b = 26 + -26. Suppose -5*q = 3*z - 332 - 434, z - 4*q - 227 = b. What is the hundreds digit of z?
2
Suppose 5*y = 3*z + z + 1028, -4*y - 5*z = -806. What is the hundreds digit of y?
2
Suppose -131 = -3*x - 23. Let y = -35 + x. What is the units digit of y?
1
Suppose -5*m + 126 = -119. Suppose m = 4*c - 11. What is the units digit of c?
5
Let c be (2 - 0)*(-12)/6. Let b be (-874)/c + (-2)/(-4). Suppose -3*a - 69 = -b. What is the units digit of a?
0
Let l = -88 + 93. Suppose -l*n + 671 = -3*w, 0*n - 2*w - 674 = -5*n. What is the tens digit of n?
3
Suppose 2*r + 2 = 8. Suppose -2*t + 2*d = -50, -r*t - d - d = -60. What is the tens digit of t?
2
Suppose 2*l = -5*p + 309, -p + 623 = 4*l + 4*p. Let d = l + -5. Suppose d = -z + 5*z. What is the units digit of z?
8
Suppose 0 = 2*b + 3*a - 1049, 2*a + 250 = -3*b + 1836. What is the tens digit of b?
3
Let t(j) = 2*j**2 - 7*j + 13. Suppose -3*r + 30 = 2*r - 5*k, -4*r + 31 = 3*k. Let y be t(r). Let s = y + -20. What is the units digit of s?
2
Suppose -2*j + 8 = 4*f, -2*j + 7*j = -f + 47. Let x be -6*(-5)/j - 30. Let n = -25 - x. What is the units digit of n?
2
Suppose 7*p = p + 1860. What is the units digit of p?
0
Suppose 125 = 5*x + 5*o, -4*x + 0*o = -o - 85. Let p be -18 + x - (3 + -1). Suppose c = 1, -a + 32 = -2*c - p*c. What is the tens digit of a?
3
Suppose 0 = 3*q - 8*q - 2*g + 135, 2*g = 0. Suppose -3*w + 3*t + q - 6 = 0, -4*w = 4*t + 12. Suppose 4*v - 76 = -4*y, -8 = w*v - 0. What is the tens digit of y?
2
Let u = -149 - -228. Suppose -2*x - 2*i = u - 437, 3*i + 348 = 2*x. What is the tens digit of x?
7
Let a(u) = -u**3 + 39*u**2 - 27*u + 33. What is the tens digit of a(38)?
5
Suppose 2*a = 4 + 10. Let b = 4 + a. Suppose -5*r - 5 = -5*s, 3*r - b = s - 5*s. What is the units digit of s?
2
Let m(b) = 11*b**2 - 4*b - 4. Let s = -23 - -25. Suppose 8 = -s*c - 2*c. What is the units digit of m(c)?
8
Let b(l) = l + 2. Let z be b(-3). What is the units digit of z*(-4)/4*5?
5
Let m = 66 + -68. What is the units digit of (m/4)/((-5)/360)?
6
Let h(n) = 4*n - 3 + 2 + 0. Let g(i) = 2*i**2 + 3*i - 3. Let u be g(-3). What is the tens digit of h(u)?
2
Suppose 19 = 5*l + a, -l + 16 = 5*a - 7. Suppose -4*k = l*s - 453, 5*k + 3*s + s = 566. What is the hundreds digit of k?
1
Let x = -35 - -235. Suppose -u - 3*u - x = 0. Let h = u + 89. What is the tens digit of h?
3
Let u = 243 - 43. What is the units digit of u?
0
What is the tens digit of 4/26*-1 + 1978/13?
5
Let h(n) = -8*n + 4 + 3 - 1. What is the units digit of h(-3)?
0
Let o(z) = -z**3 + 23*z**2 - 26*z - 6. What is the units digit of o(18)?
6
Suppose -5*m = -10 - 0. Suppose 0 = -2*g - 3*s + 113, -m*g + 4*s + s + 153 = 0. What is the units digit of g?
4
Let t = -11 + 4. Let a = t + 23. What is the units digit of (a + 1)/((-4)/(-4))?
7
Let w(f) = -f**2 - 25*f + 23. Let s be w(-10). Suppose 0 = 4*g + 5*v - 495, -2*g + 420 = 3*v + s. What is the tens digit of g?
2
Suppose -742 = -4*b - 2*a, 0 = -b - 4*b + 3*a + 933. What is the tens digit of b?
8
Suppose 0 = -o - 2*o + 3. Suppose -34 = -4*x + 2*m, -4*x - o = 2*m - 23. What is the units digit of x?
7
Suppose 40667 = -4*n + 14043. What is the hundreds digit of (n/(-130))/((-2)/(-5))?
1
What is the thousands digit of -2*((-12)/32 + 12327/(-24))?
1
Let a(y) = -y**3 - 18*y**2 - 2*y + 4. What is the tens digit of a(-18)?
4
Let f be ((-56)/(-6))/(-7)*-3. Suppose f*o + 2*u - 282 = 0, -3*o - 3*u + 143 = -o. What is the tens digit of o?
7
Let b be (-2)/6*-33 - 4. Suppose -8*d + b*d + 3 = 0. What is the units digit of d?
3
Suppose 3*x + 6135 = 2*n - 10607, -5*x - 27897 = 3*n. What is the tens digit of x/(-57) + (-2)/(-19)?
9
Suppose 28*m = 3348 + 11296. What is the hundreds digit of m?
5
Let g(l) = -2*l**3 - 7*l**2 - 7*l + 12. What is the tens digit of g(-7)?
0
Suppose -3*j = -5*j - 6. Let x = -49 - -48. What is the tens digit of j/3*x*57?
5
Suppose -243 = 2*t + 7*t. What is the units digit of 868/18 - ((-168)/t + -6)?
8
Let b(h) = -1. Let y(o) = o - 8. Let f(p) = 2*b(p) + y(p). Let q be f(10). Suppose q*m - 19 = -m. What is the units digit of m?
9
Let q(j) = -67*j + 191. What is the thousands digit of q(-19)?
1
Let y(b) = -76*b**2 + 3*b - 1. Let h(p) = 75*p**2 - 2*p + 1. Let u(i) = 5*h(i) + 4*y(i). What is the tens digit of u(-1)?
7
Suppose -4 = -t + 6. What is the units digit of (13 + -4)*(t - 3)?
3
Suppose -12 = 2*k - 5*k - 3*a, 2*k - 33 = 3*a. Suppose -u + 1 + k = 0. What is the units digit of u?
0
Let l(f) be the first derivative of 47*f**2/2 + 2*f + 6. Let s be l(2). Suppose -6*p + 3*p - 2*c + s = 0, -c = 2*p - 63. What is the units digit of p?
0
Let k(b) = -b**3 - 16*b + 24. What is the hundreds digit of k(-10)?
1
Let p be 58*((-95)/(-10) - -1). Suppose 6*t + 4*d = 3*t + 372, -5*t = 3*d - p. What is the tens digit of t?
2
Let h be ((-1548)/(-30))/((-2)/(-5) + 0). Let v = h - 52. What is the units digit of v?
7
Suppose -2*z + 252 = -5*s, 0*z + z = s + 48. Let p be (-299)/s + 6/(-8). Suppose 2*u = -5*k - 0*k + 11, -25 = p*k. What is the units digit of u?
8
Let k(q) = 477*q - 28. What is the hundreds digit of k(3)?
4
Suppose -7*f = -4*f - 6. Let o be f/4*(-1 - -19). Suppose -5*n + o = -4*n. What is the units digit of n?
9
Suppose 451 = 3*l - 5*c - 174, 0 = -2*c + 2. What is the units digit of l?
0
Suppose 2*s - 319 = 407. What is the units digit of s?
3
Let i(s) = 1691*s**2 + 4*s - 3. Let h be i(3). Suppose -2*n = -4*n - 3*v + h, 5*v - 38060 = -5*n. What is the tens digit of 4/(-26) - n/(-104)?
7
Let r(g) be the second derivative of -7*g**3/6 + 13*g**2/2 - 12*g. Let s be r(6). Let p = 41 + s. What is the tens digit of p?
1
Suppose -12676 = -4*g - j, g + 4*j + 1765 = 4949. What is the thousands digit of g?
3
Let x(c) = 4*c**2 + 4*c + 2. Let n = 10 + -10. Suppose n = 5*d + 5*y - 18 + 43, 4*d - 2*y + 2 = 0. What is the tens digit of x(d)?
1
Suppose 650 = u - v, 0 = 3*u + 2*v + 82 - 2052. What is the units digit of u?
4
Suppose 9*c = 3*c. Suppose 3*a - j = -c*a + 214, -3*a = -3*j - 216. What is the tens digit of a?
7
Let l(q) = 2*q**3 + 2*q - 3*q**2 + q**2 - q. Suppose 2 = 3*i - 1. What is the units digit of l(i)?
1
Let n(d) = -2*d**3 - 4*d**2 - 4*d - 3. Let f be n(-2). Suppose -3 - 1 = -2*w. Suppose -w*h - 8 = f*l, -3*h + 44 =